 5. Let g = -26 + 50. Suppose 2*c + g = -c. Give p(c).
-5
Let f(d) = 3*d**2 - 14*d + 42. Let u(k) = 2*k**2 - 10*k + 29. Let p(y) = 5*f(y) - 7*u(y). Calculate p(0).
7
Let c(b) be the second derivative of 0 + 25*b + 7/2*b**2 - 1/3*b**3. Give c(6).
-5
Let a(u) = -17*u + 107. Let w be a(6). Let p(c) = c - 4. What is p(w)?
1
Let m(h) = h**3 - 29*h**2 + h - 22. Let r be 87/(-15)*14/(-28)*10. Determine m(r).
7
Let w be (2/(-4))/(2/20). Let c(i) be the first derivative of 4*i + 1/4*i**4 + 2*i**3 + 18 + 3*i**2. Calculate c(w).
-1
Let c(l) be the third derivative of l**6/120 - l**5/30 - l**4/3 + 5*l**3/6 + 19*l**2 - 3*l. Calculate c(4).
5
Let u(i) = i**2 + 6*i - 10. Let j(s) = -s + 23. Let d be j(17). Let w be 0 - (d + (-5)/(-5)). Calculate u(w).
-3
Suppose s + 40 = -u, u - s - 2*s + 60 = 0. Let b = -40 - u. Let w(x) = -3 + x + 4*x + 12*x**2 - 13*x**2 + 0. Give w(b).
-3
Let n(o) = -o. Let y(r) = 5*r + 1. Let g(m) = 4*n(m) + y(m). Let i be (-6)/(-9)*6 - -3. Calculate g(i).
8
Let m(x) be the third derivative of 1/3*x**3 - 9*x**2 + 1/3*x**4 + 0*x + 1/60*x**5 + 0. Determine m(-7).
-5
Let y(n) = -6*n + 5 - 9 + 7*n + 2 + n**2. Calculate y(-4).
10
Let u(p) be the second derivative of p**5/120 - p**4/12 - 3*p**3/2 - 14*p. Let g(z) be the second derivative of u(z). Calculate g(-3).
-5
Let u(j) be the second derivative of -2*j**3/3 - 9*j**2/2 + 34*j - 5. What is u(-3)?
3
Let c(k) = -k**3 + 2 + 3*k - 1 + 0 + 2*k**2. Suppose -11*q + 8*q + 3 = 2*i, -3*q = -i + 6. Give c(i).
1
Let u(i) = 7*i**3 + 6*i**2 + 17*i - 14. Let w(s) = -3*s**3 - 2*s**2 - 6*s + 5. Let v(d) = 3*u(d) + 8*w(d). Calculate v(2).
-12
Let f = 336 - 196. Let n(j) = -f*j + 4*j**2 - 3*j**2 + 141*j + j**3 + 3*j**2 - 2. Give n(-3).
4
Let o(w) = -3*w - 14. Let g(s) = s + 4. Let h(u) = -8*g(u) - 3*o(u). Let x be -1*3 - 1*-2. Let k = -1 - x. Determine h(k).
10
Suppose 8 = -2*m, 0*m = 5*f - 3*m - 22. Let r(q) be the second derivative of -5/6*q**3 + 0 - q + q**f - 1/20*q**5 + 1/3*q**4. What is r(3)?
-4
Let b(x) = 72*x**3 - 3*x**2 + 12*x + 7. Let o(a) = -36*a**3 + 2*a**2 - 7*a - 4. Let h(u) = -3*b(u) - 5*o(u). Determine h(-1).
35
Let a(q) = -69*q + 14. Let g(b) = -196*b + 43. Let v(l) = 17*a(l) - 6*g(l). Determine v(14).
22
Let k(f) = f**2 - f - 3. Suppose -2*b + 175 = -9*b. Let r = -21 - b. What is k(r)?
9
Let p(h) = 5*h**3 + h**2 + 11*h - 5. Let a(z) = -6*z**3 - 3*z**2 - 12*z + 4. Let j(r) = -4*a(r) - 5*p(r). Give j(6).
3
Let g(c) = -c + 6. Let s = -134 + 132. Give g(s).
8
Let q(m) = -22*m + 1 + 2 + 6 + 18*m + 0. What is q(7)?
-19
Let s(h) = -7*h + 14. Suppose 4*n - 55 = -n. Suppose -18 = 14*b - n*b. Let u(d) = 8*d - 15. Let x(w) = b*s(w) - 5*u(w). Calculate x(7).
5
Let g(v) = 12*v**3 - 3*v**2 - v - 1. Let d be g(-1). Let u(c) = c**3 + 14*c**2 - 16*c - 20. Give u(d).
-5
Let r(u) = -2*u**3 - 21*u**2 + 5*u - 25. Let m = 56 + -65. Let c(f) = f**3 + 10*f**2 - 2*f + 12. Let j(b) = m*c(b) - 4*r(b). Calculate j(-6).
4
Let c(i) = -i**2 - 3. Let d = 8 + -17. Let v(j) = -j**2 - 10*j - 9. Let s be v(d). Calculate c(s).
-3
Let s(z) = -z + 13. Let m be 8/(-28) + ((-44)/(-7) - 0). Calculate s(m).
7
Let u(z) = -98*z + 10 + 34*z + 39*z + 28*z. What is u(-4)?
-2
Let c(x) = -6*x**2 - 53*x + 14. Let o be c(-9). Let w(q) be the first derivative of o - 7*q - 1/2*q**2. Give w(-6).
-1
Let x(j) = 8*j**2 - 171*j**3 + 427*j**3 + 3*j - 255*j**3 + 20. Determine x(-8).
-4
Let n be (-9 + 14)*16/(-10). Let x(b) = 0*b**3 - 10*b - 7 + 0*b**3 + b**3 + 2*b**2 + 5*b**2. Determine x(n).
9
Let s(g) be the first derivative of -1/24*g**4 - 4 + 0*g**3 + 0*g - 1/2*g**2. Let q(o) be the second derivative of s(o). Give q(0).
0
Suppose 16 = 115*a - 111*a. Let o(z) = 3*z**2 - 7*z + 7. What is o(a)?
27
Let o(h) = h + 10. Let b be (-5 - (-28)/6)*-12. Suppose v + 27 = -2*c, -10 = -b*c + v - 49. Determine o(c).
-1
Let t(k) be the third derivative of -k**6/120 + k**5/3 - 5*k**4/6 + 2*k**3 + 336*k**2. Calculate t(19).
-7
Suppose a + 20 = -4*a. Let c(d) = -d**2 - 3*d + 1. Let p be c(-2). Let i(h) = 0*h**p - h**3 - h**2 + 4*h - 2 - h**2 - h**2. Determine i(a).
-2
Let z(f) = -f**3 + 7*f**2 + 8. Let u = -181 - -187. Determine z(u).
44
Let d be 3*(-1 - 20/(-12)). Let q(m) = -72 - 3*m + 3*m**2 + 145 - m**3 - 72. Determine q(d).
-1
Let p(o) = 5*o + 1. Let k = 109 - 105. Suppose u - 1 = -0, 3*b - k*u + 1 = 0. Calculate p(b).
6
Let r(a) = 2*a + 40. Let u be r(-23). Let j(q) = -7*q - 41. Let l be j(u). Let b(y) = 7*y. Calculate b(l).
7
Suppose 104 = 8*a - 0*a. Suppose -a*k + 17*k = -8. Let d(t) = 0 + 0 - t - 1. Give d(k).
1
Let v be (8 - 0 - 3)*1. Suppose -v = i - 2*h, 0 = -2*i - i + 2*h + 5. Let o(g) = g**3 - 5*g**2 - 2*g. Determine o(i).
-10
Suppose 21 = -14*p + 11*p. Let q = 3 - p. Let f(b) = -5 - 17*b**2 + b - 3*b**3 + 3*b**2 + q*b**2 + 4*b**3. Determine f(4).
-1
Let i(b) = b**2 + 8*b + 9. Suppose 5*r + 58 = 23. Let d be i(r). Let u(q) = q**2 + q. Calculate u(d).
6
Let f = -12 - -8. Let j(p) = -p**2 - 11*p - 11. Let i = -54 - -49. Let a(u) = u**2 + 10*u + 10. Let z(h) = i*j(h) - 6*a(h). What is z(f)?
-1
Let d(g) = g + 6. Let i(u) = -u - 7. Let h(o) = -4*d(o) - 5*i(o). Let t(r) = 2*r + 22. Let x(l) = 7*h(l) - 4*t(l). Give x(0).
-11
Let c be ((-4)/(-48)*4)/(5/(-105)). Let a(w) = -10 + 2*w**2 - 10*w + w**2 - 4*w**2. Give a(c).
11
Suppose -5*w + 3*w = -5*k + 65, 3*k + 5*w = 70. Let a(q) = -q + 12. Give a(k).
-3
Let o be -8 + ((-6)/5)/((-20)/(-50)). Let s(n) = 2*n + 10. What is s(o)?
-12
Let m(v) = -6*v. Suppose k - 12 = 6. Let t be 7/4 - k/24. Calculate m(t).
-6
Let w(h) = 2*h**2 + 7*h + 6. Let u be w(-2). Let y(b) = b**3 + b**2 - 6. Determine y(u).
-6
Let d(i) = 2*i**3 + 5*i**2 + 6*i + 1. Suppose -4*p = -5 - 7. Let n(x) = -x**3 - 5*x**2 - 6*x. Let y(f) = p*n(f) + 2*d(f). What is y(6)?
2
Let p(a) = -3*a - 1. Let v = 66 - 58. Let f be ((-10)/v)/(3/(-12)). What is p(f)?
-16
Let b(p) = p + 5*p - 7*p + 3*p + 6*p - 10. What is b(2)?
6
Let n(r) = -2*r**3 - 4*r**2 - r + 3. Suppose 0 = -4*h + u - 4 - 7, h = -2*u - 5. Calculate n(h).
24
Let o = 1 - -4. Let y(u) = 4*u - 2 - 1 - 1 - o*u. Let f = -14 + 14. What is y(f)?
-4
Let h = 2 - 0. Suppose 7 = -5*m + 5*o - 13, 0 = -m + h*o - 2. Let u(p) = -2*p - 1. Let y(q) = 11*q + 10. Let n(a) = -5*u(a) - y(a). Calculate n(m).
1
Let n(a) = -19 - 28 + a**3 - 30 + 7*a**2 + 86 + a. What is n(-7)?
2
Let w(i) be the third derivative of i**6/120 + i**5/15 - i**4/6 + 5*i**3/6 - 9*i**2. Suppose 0 = -o - 4*u - 25, -2*o - 4*u = u + 35. Calculate w(o).
0
Let c(r) = 7*r**2 + 93*r + 20. Let t be c(-13). Let v(y) = -3*y + 1. What is v(t)?
19
Let t(q) = -q**3 - 12*q**2 - 10*q - 2. Suppose 0 = 17*u - 23 + 210. Give t(u).
-13
Let y(w) = 3*w**2 + 34*w + 16. Let o(k) = -k**2 - 12*k - 5. Let q(v) = 8*o(v) + 3*y(v). What is q(-7)?
15
Suppose 82 = 9*q + 64. Let c(m) be the third derivative of -3*m**q + 0*m**3 + 0*m + 1/8*m**4 + 0. Calculate c(1).
3
Let m(d) be the third derivative of d**6/120 - d**5/20 - d**4/24 + d**3/6 + 99*d**2. Determine m(4).
13
Let o(y) be the first derivative of 2*y**3/3 + 8*y + 155. What is o(0)?
8
Let b(q) = -q + 1. Let a be (-25)/(-4)*(-24)/(-6). Let v = 58 + -37. Let s = v - a. Give b(s).
5
Let m(y) = y + 6. Suppose -5 + 1 = 4*n, -3*s + 2*n - 16 = 0. Let o(x) = -x - 6. Let r(z) = s*o(z) - 5*m(z). Determine r(-5).
1
Let x(h) = -7*h - 5 - 3 + 2*h**2 - 3*h**2. Let j = -37 + 31. What is x(j)?
-2
Let x(m) = 13*m**3 + 2*m - 1. Suppose -30 = -22*y - 8. Give x(y).
14
Let i(l) = -4 - l + 3 + 7. Calculate i(3).
3
Let d(h) = 23*h - 31. Let b(c) = -12*c + 16. Let x(r) = -11*b(r) - 6*d(r). What is x(5)?
-20
Let w(b) be the first derivative of 7*b**4/4 - 2*b**3/3 + b**2/2 - 285. Calculate w(1).
6
Let s be (4 - (-14)/(-3))*30/(-4). Let r(w) = -9*w + 1. Let a(d) = 2 - 1 - 4*d + 0*d. Let o(f) = s*a(f) - 2*r(f). Determine o(5).
-7
Let y(o) be the first derivative of -o**2/2 - o - 2. Let w(d) = -4*d - 125. Let m be w(-31). Determine y(m).
0
Let v(y) = 2*y**2 + 449*y + 0 - 1 - 460*y. Suppose -2*h + 1 = 4*u + 5, -3*h + 3*u + 30 = 0. Let o be v(h). Let s(f) = f**3 - 5*f**2 + 2*f. Calculate s(o).
10
Let x(r) = -3*r - 6. Let t be x(-3). Suppose w - 12 = t*w. Let h(j) = -5*j**2 + 6*j + 6*j**2 - 2 - j. Give h(w).
4
Let w(l) = l + 4*l**2 - 2 - 6*l**2 - 4*l**2 + l**3. Suppose 130*q + 18 - 107 = 691. Give w(q).
4
Let p(m) = -m - 3. Let z = -72 + 39. Let y = 